 the highest common factor of m and v.
14
Let o(b) be the second derivative of -11*b**3/3 + b**2/2 + 13*b. Let r be o(-1). Let p be r*(-2 + 1)*-1. Calculate the highest common divisor of 161 and p.
23
Suppose 0 = 9*d + 3*d - 372. Calculate the highest common factor of 341 and d.
31
Let r be 6 - (24/14 - (-6)/21). Suppose -r*j - 130 = -450. Calculate the greatest common factor of 8 and j.
8
Suppose 9 = -9*f + 12*f. Suppose 111 = f*u - 3*s, -3*u + 6 = -2*s - 105. Calculate the highest common factor of u and 333.
37
Suppose -l + h + 56 = -0*h, l = -h + 56. What is the greatest common factor of 98 and l?
14
Let g = 587 + -544. What is the highest common divisor of 688 and g?
43
Suppose -1 = 5*r - 21. Suppose -3*j = -7 + r. Let p be 1/((j + -2)/(-105)). What is the greatest common divisor of 21 and p?
21
Let w = -228 - -236. Calculate the highest common divisor of w and 40.
8
Let m(s) = -27*s + 15. Let j be m(-1). What is the greatest common factor of j and 63?
21
Suppose 6 - 1 = -h. Let n be h/(-5)*-2 - -18. Calculate the greatest common divisor of n and 8.
8
Let c = -22 + 34. Let u be 308/24 - (-2)/c. Let y = u + -3. What is the greatest common factor of y and 10?
10
Suppose 2*t + 4 - 10 = 0. Let k(j) = -j**2 - 2*j**2 - 6*j**3 - 3 + j - j**t + 4*j**3. Let d be k(-3). What is the highest common factor of 6 and d?
6
Suppose -3*l + 2*k + 664 = -202, 5*l - k = 1441. Calculate the greatest common divisor of 4 and l.
4
Let a be 2 + 1/(-1) + 1. Let d be a/4*(12 + -12). Let i(h) = -h**2 + h + 7. Let g be i(d). Calculate the greatest common factor of 56 and g.
7
Let p(w) = -w**3 - 6*w**2 + 9*w - 2. Suppose 4*l - 3 + 25 = -j, 210 = -5*j + 5*l. Let d = j + 28. Let q be p(d). What is the highest common divisor of 28 and q?
28
Suppose 4*x = x. Suppose x = -3*b + b - 4. Let h be (-1 + -2 + 2)*b. What is the highest common factor of 10 and h?
2
Let n(d) = d**3 + 25*d**2 + 45*d - 9. Let z = -2 - 21. Let j be n(z). What is the greatest common factor of j and 154?
14
Let r(c) = -c**3 + 5*c**2 - 3*c - 5. Let g be r(3). Let x = 24 + g. Calculate the greatest common divisor of 224 and x.
28
Suppose -15 = -0*m - 3*m. Suppose 7*n = 8*n - 2*s + 9, -4*s + 21 = n. What is the highest common divisor of n and m?
1
Let m = 209 + -197. Calculate the highest common factor of m and 51.
3
Let c(g) = -g**2 + 10*g - 14. Let q be c(8). Let x be (-18)/12*(q - (-44)/(-6)). What is the highest common divisor of x and 32?
8
Let x be 118 + 5*8/20. Suppose 29*b = 33*b - x. What is the greatest common divisor of b and 40?
10
Let o(f) = -3*f**2 + 4. Let c be o(-2). Let j(s) = s**3 + 9*s**2 + 6*s - 1. Let p be j(c). Calculate the greatest common factor of p and 135.
15
Let s = -47 + 107. What is the highest common factor of 12 and s?
12
Suppose 221*d - 218*d - 1224 = 0. Calculate the greatest common divisor of d and 2.
2
Let y(k) = -2*k**2 + 90*k - 69. Let q be y(34). What is the greatest common divisor of q and 97?
97
Suppose -4*o + 36 = -j, -4*j = 3*o - 21 - 6. Suppose 1127 = -2*c + o*c. Calculate the greatest common factor of c and 23.
23
Let s(m) = 2*m**2 - 3*m - 58. Let n be s(-6). Let j(l) = 4*l**2 - 4*l. Let w be j(4). What is the highest common divisor of n and w?
16
Suppose 0 = -5*x + 2*o + 58, 249 - 267 = -x + 2*o. Let q be (-1536)/(-14) - (-2)/7. What is the highest common factor of x and q?
10
Suppose -2*z - 5*d = -106, 5*z + 4*d + d = 265. Let t = -49 + z. Suppose 0 = 2*g - 4*g + 20. What is the greatest common factor of t and g?
2
Let m be (-29)/((-1)/(-2)*-2). Let h = 33 - m. Suppose -3*u - 3 = 0, 11 - 35 = -r + h*u. Calculate the greatest common factor of r and 40.
20
Let d = 402 - -377. What is the greatest common factor of d and 41?
41
Let t = 32 + -25. Suppose 5*z = t*z - 2. What is the greatest common factor of 4 and z?
1
Let w = 4449 - 4425. Suppose -18 = -2*o - 3*c, -3*o = -4*c - 24 - 20. What is the greatest common divisor of o and w?
12
Suppose 0 = 2*l, 5*z = 4*l + 27 + 123. Let v be (-5)/2*36/(-30). Let u be ((-3)/(-2))/(v/z). What is the greatest common factor of u and 120?
15
Let f(q) = -q**3 + 6*q**2 - 3*q. Let j be f(2). Calculate the highest common divisor of 190 and j.
10
Let p(n) = -125*n - 803. Let m be p(-7). Suppose 2*l - 3*l - 4*f = -14, -f - 73 = -4*l. Calculate the greatest common factor of m and l.
18
Let m = 585 + -290. Let w = m - 151. Calculate the highest common factor of w and 9.
9
Let c(z) = z. Let q(f) = f. Let b(a) = 6*c(a) - 3*q(a). Let j = -17 + 23. Let t be b(j). Calculate the highest common factor of 27 and t.
9
Let n be ((-6)/12)/(2/(-24)). Suppose u + 0 = n. Calculate the highest common factor of 9 and u.
3
Let y(i) = -i**3 - 19*i**2 - 12*i - 12. Let a be y(-19). Suppose 0 = 4*o - 18 + 2, 0 = 4*u + 2*o - a. What is the highest common divisor of 4 and u?
4
Let s be 2/5 - (-5498)/5. Suppose -4*x = -14*x + s. Calculate the highest common factor of 10 and x.
10
Let o = -74 - -89. Suppose -3*w + 0*w = 0. Suppose 2*f - 6 = -w. Calculate the highest common divisor of f and o.
3
Let n = 7 + -1. Let j(x) = -3*x**3 + 19*x**2 - x + 12. Let a be j(6). Calculate the greatest common divisor of n and a.
6
Suppose 0 = 11*h + 416 - 1274. Calculate the greatest common factor of 273 and h.
39
Suppose -7 = 2*x + 9. Let k(b) = -b - 10. Let j be k(x). Let a be (j + -11)*(3 + -5). What is the greatest common factor of 13 and a?
13
Suppose 2*t + 95 = -59. Suppose -2*k + 9*a = 4*a + 90, 3*k + 3*a = -135. Let w = k - t. Calculate the highest common divisor of w and 4.
4
Let s be ((-1422)/36)/(2/4). Let v = s - -310. Calculate the highest common factor of 21 and v.
21
Suppose g - 3*s - 76 = 0, 0 = 3*g + 2*s - 247 + 19. What is the greatest common factor of g and 1748?
76
Let t be 2 + 87 + 7/(28/(-16)). What is the greatest common divisor of t and 51?
17
Let g = -4482 + 4537. Suppose -17 = -d - 5*y, -4*y - 26 = 3*d - 4*d. What is the greatest common divisor of g and d?
11
Let f = -39 + 2. Let p = f + 46. Calculate the greatest common factor of p and 9.
9
Let c be 19 + ((-120)/72)/((-2)/6). Calculate the highest common divisor of c and 9.
3
Let n(x) = x**2 - 3*x - 4. Let h be n(3). Let w = 5 + h. Suppose -10 = -3*u - w. What is the greatest common divisor of 27 and u?
3
Let r be (-286)/(-33) - 2/3. Calculate the greatest common divisor of 164 and r.
4
Let g = -92 + 108. Suppose 8*j - 480 = 3*j. Suppose t - j = -2*t. Calculate the highest common divisor of t and g.
16
Suppose 8*p + 0*p = 24. Suppose -2*j + 401 = 4*g + p*j, -3*j = -5*g + 529. Calculate the highest common factor of 52 and g.
52
Let t(u) = -5 + 9*u - 15*u + 8*u. Let n be t(11). Calculate the highest common divisor of n and 68.
17
Let l be 0 - 55/(-4) - 5/(-20). Let d be 36/l + -2 - (-524)/14. What is the greatest common divisor of 95 and d?
19
Let p = 545 - 800. Let c = -111 - p. What is the highest common factor of 18 and c?
18
Let w(i) = i**2 - 3. Suppose 0 = -5*k - 1 + 21. Let d = -7 + k. Let j be w(d). What is the greatest common factor of j and 24?
6
Suppose -2*x - 60 = -x. Let z be (-2)/3*x/(-8). Let i be (-7 + 4)*3*z. Calculate the greatest common factor of i and 5.
5
Let x be 632/52 - (-28)/(-182). What is the greatest common factor of x and 177?
3
Suppose 123 = 5*k - 62. Suppose -4*h + k = -3*y + 11, 5*y = -4*h + 42. Let w be h/(-28) + (-648)/(-14). Calculate the highest common divisor of w and 23.
23
Let o be (-10)/1*-7*1. What is the greatest common factor of 14 and o?
14
Suppose -11*f - 68 = -79. What is the highest common divisor of f and 16?
1
Let i(j) = -j**3 + 14*j**2 - j - 3. Let c be i(14). Let z be c/(1/(3 - 4)). Suppose 136 = -8*w + 12*w. Calculate the greatest common factor of w and z.
17
Let o = 159 - 146. Suppose 2*u + 128 + 149 = 3*i, 2*i + 5*u = 172. What is the greatest common divisor of o and i?
13
Suppose 5*f = 379 + 41. Let w be (1/3)/(2/f). What is the highest common factor of w and 7?
7
Let b = -679 + 1339. What is the highest common factor of b and 24?
12
Let t = 92 + -84. Let p be (t/(-6))/((-4)/66). Calculate the greatest common factor of 22 and p.
22
Suppose 6*f = 4*f + 264. What is the highest common factor of 36 and f?
12
Suppose -7*k + 5*k = -72. Let z = k - 24. Calculate the greatest common divisor of 4 and z.
4
Let p = -13 - -29. Suppose 0 = n - 0*n + 1, 4*c -